ase 16, what is 9 + -6?
3
In base 10, what is -28 + -65?
-93
In base 5, what is 4 - 3014?
-3010
In base 11, what is -3735 - -3?
-3732
In base 10, what is 1717 - 0?
1717
In base 8, what is 10 - -110?
120
In base 15, what is -5 + -7a?
-80
In base 14, what is a - 154?
-148
In base 7, what is -4 - 61?
-65
In base 12, what is -9 + -8a?
-97
In base 13, what is 2 - b0?
-ab
In base 15, what is -3 - 15?
-18
In base 9, what is -35 + 1?
-34
In base 2, what is -1001 + 100111?
11110
In base 12, what is -7 - -205?
1ba
In base 16, what is bd - -5?
c2
In base 2, what is -10000110101010 + 10?
-10000110101000
In base 15, what is d - -2?
10
In base 4, what is -11 - -231?
220
In base 14, what is 24a - 9?
241
In base 5, what is 1030403 + -4?
1030344
In base 8, what is 340 + -30?
310
In base 10, what is -20 - 1144?
-1164
In base 8, what is 11 + -176?
-165
In base 5, what is 141 - -10?
201
In base 5, what is 313 - 320?
-2
In base 15, what is -6247 + 0?
-6247
In base 14, what is -1 + 6c5?
6c4
In base 5, what is -20334 - -3?
-20331
In base 9, what is 2 + -178?
-176
In base 3, what is 122 + -1012?
-120
In base 11, what is -187 - 4?
-190
In base 8, what is -174 - 1?
-175
In base 7, what is 25 - -15?
43
In base 10, what is -139 + 3?
-136
In base 4, what is 202 + -22011?
-21203
In base 9, what is -2 + -25?
-27
In base 16, what is 130 - 1?
12f
In base 8, what is 45 - -11?
56
In base 5, what is 1012231 - -3?
1012234
In base 14, what is -297d + 5?
-2978
In base 14, what is 23 + -99?
-76
In base 11, what is 129 - -30?
159
In base 5, what is 4 + -1342?
-1333
In base 2, what is -10001111 - 10?
-10010001
In base 6, what is -4 + -213?
-221
In base 8, what is -150 + -27?
-177
In base 11, what is -144 + -15?
-159
In base 12, what is 28 + -59?
-31
In base 6, what is -11 - 32?
-43
In base 7, what is 12 + -201?
-156
In base 8, what is 20 - 12?
6
In base 13, what is 2 - -47?
49
In base 12, what is 3b + 2?
41
In base 13, what is 38 - b?
2a
In base 2, what is -1010100110 + -100?
-1010101010
In base 5, what is -30231 + 10?
-30221
In base 12, what is -375 - -5?
-370
In base 13, what is b - -a?
18
In base 12, what is 18 - -7?
23
In base 16, what is 3e + 5?
43
In base 16, what is -1 - 59?
-5a
In base 4, what is -3 - 20?
-23
In base 4, what is 3033033 + -10?
3033023
In base 13, what is -2 + 39?
37
In base 15, what is -b - -12?
6
In base 2, what is -10 + 101?
11
In base 7, what is 26 + -12?
14
In base 14, what is 9a4 + 3?
9a7
In base 2, what is -11001 - -11011?
10
In base 11, what is 4 + 11?
15
In base 8, what is -1422 - 0?
-1422
In base 3, what is -2 - -1200201?
1200122
In base 9, what is -21806 + -3?
-21810
In base 9, what is 687 - 5?
682
In base 14, what is 2151 + 3?
2154
In base 15, what is -31e - -b?
-313
In base 14, what is -1 - -12d?
12c
In base 11, what is -1a + -4?
-23
In base 14, what is -b - -10?
3
In base 13, what is 0 + -21?
-21
In base 9, what is -3 - 30?
-33
In base 5, what is -40 - 1?
-41
In base 4, what is -2201 + -3?
-2210
In base 7, what is -4 + 10013?
10006
In base 16, what is -2f4 + 5?
-2ef
In base 4, what is -200000 + 10?
-133330
In base 13, what is -50 - -4?
-49
In base 14, what is 546 + 0?
546
In base 4, what is 11 - 121033?
-121022
In base 2, what is -1110001 - 0?
-1110001
In base 14, what is -15069 - -1?
-15068
In base 11, what is 452 + -15?
438
In base 10, what is 5 - 45?
-40
In base 16, what is 21 + 12?
33
In base 12, what is 2 + b?
11
In base 3, what is 11020110 + -1?
11020102
In base 5, what is 2 - 32040?
-32033
In base 9, what is -1 + 2776?
2775
In base 15, what is -2 - -1284?
1282
In base 10, what is -60977 - 4?
-60981
In base 12, what is 1925 - 6?
191b
In base 8, what is 475 + -3?
472
In base 11, what is -118 - -3?
-115
In base 6, what is -2135 - 11?
-2150
In base 6, what is 2 - 1130?
-1124
In base 9, what is 1 + 6?
7
In base 14, what is b - -42?
4d
In base 5, what is 0 + -3122?
-3122
In base 10, what is -5 - 1?
-6
In base 16, what is 36 - 4e?
-18
In base 14, what is 3 + -1d?
-1a
In base 9, what is 70 - 8?
61
In base 11, what is 0 + 162?
162
In base 8, what is -6 - 1520?
-1526
In base 4, what is 31311 + 3?
31320
In base 10, what is 2815 - 4?
2811
In base 4, what is -123 - -3?
-120
In base 10, what is -791 + -3?
-794
In base 9, what is -5 + 526?
521
In base 13, what is 4 - -181?
185
In base 8, what is 336 - -7?
345
In base 10, what is 320 - 14?
306
In base 15, what is -5 + -13?
-18
In base 5, what is -2 - -134?
132
In base 6, what is -5 + 5?
0
In base 12, what is 21 + -4?
19
In base 14, what is -1b + -19?
-36
In base 2, what is -10000 + -1000?
-11000
In base 14, what is -151 - -1?
-150
In base 8, what is -602 - -6?
-574
In base 12, what is 0 - 31b9?
-31b9
In base 12, what is -4 + 67?
63
In base 11, what is -aa + 47?
-63
In base 2, what is -1 - -110011?
110010
In base 8, what is 0 - -56?
56
In base 8, what is -2 + -36?
-40
In base 12, what is 375 - -3?
378
In base 15, what is cad - 4?
ca9
In base 6, what is -1443 - 0?
-1443
In base 8, what is 304 + 1?
305
In base 16, what is 6599 + -5?
6594
In base 11, what is 212 - 0?
212
In base 3, what is -1001000 - 1?
-1001001
In base 12, what is 4 - -1aa?
1b2
In base 3, what is 1111 - 2022?
-211
In base 9, what is -15 + 1002?
876
In base 7, what is 133 + -101?
32
In base 14, what is 1002 + -1?
1001
In base 2, what is -11111000010101 + -1?
-11111000010110
In base 12, what is 1 + 19a?
19b
In base 2, what is 101001111100 - 11?
101001111001
In base 16, what is -9 - -98?
8f
In base 6, what is -435 - -21?
-414
In base 6, what is 1033 - -1?
1034
In base 7, what is 1636 + -1?
1635
In base 2, what is 10 - 101011?
-101001
In base 11, what is -7 + 11?
5
In base 6, what is 143114 + -2?
143112
In base 9, what is 12 + -8?
3
In base 11, what is -84 - -3?
-81
In base 14, what is 30 + 202?
232
In base 15, what is 83 - -5?
88
In base 8, what is -4 + -153?
-157
In base 3, what is -102 - -2?
-100
In base 5, what is -14441 + 1?
-14440
In base 16, what is 3 + 371?
374
In base 11, what is 2 + -6a9?
-6a7
In base 5, what is -10224 - -11?
-10213
In base 16, what is -2 - -30?
2e
In base 4, what is 1112 - -3?
1121
In base 2, what is 1 - -10110000?
10110001
In base 9, what is 8681 + -2?
8678
In base 5, what is -2232 - -43?
-2134
In base 4, what is 0 - 1203132?
-1203132
In base 15, what is -124 - 4?
-128
In base 2, what is -101111 + 0?
-101111
In base 8, what is 33 + -6?
25
In base 9, what is -182 + 5?
-176
In base 15, what is -19c8 + -2?
-19ca
In base 16, what is -193 - -5?
-18e
In base 4, what is 11 - 200110?
-200033
In base 12, what is -28b - -6?
-285
In base 9, what is 7 - -310?
317
In base 14, what is 1 + -2?
-1
In base 3, what is -100120 - -11?
-100102
In base 16, what is 5 + -31?
-2c
In base 10, what is 7 - 600?
-593
In base 13, what is -c - aa?
-b9
In base 13, what is 5 - -5?
a
In base 11, what is -2a + -34?
-63
In base 8, what is 3 - 11?
-6
In base 2, what is -100 - -1111111011?
1111110111
In base 6, what is 115103 - -5?
115112
In base 13, what is 8 + 11?
19
In base 2, what is -11111 + -101?
-100100
In base 10, what is 0 - 245?
-245
In base 2, what is 1 - -11001101100?
11001101101
In base 6, what is -4244 - 1?
-4245
In base 14, what is 0 - -201?
201
In base 10, what is -228 + -4?
-232
In base 4, what is -1032222 + 11?
-1032211
In base 7, what is -6453 + 1?
-6452
In base 3, what is -1 - 20?
-21
In base 13, what is -31b + -2?
-320
In base 13, what is aa + -1?
a9
In base 5, what is -31404 + -4?
-31413
In base 12, what is -1 - b2a?
-b2b
In base 2, what is -10001101 + -1?
-10001110
In base 9, what is -1 - 2068?
-2070
In base 2, what is 100 + -110001110?
-110001010
In base 16, what is 2 + 3e?
40
In base 4, what is -321312 - 1?
-321313
In base 8, what is -5 + -207?
-214
In base 12, what is 0 + -18?
-18
In base 16, what is -1 - -4b?
4a
In base 14, what is -4 + -22?
-26
In base 9, what is -1 + 141?
140
In base 10, what is -61 - 0?
-61
In base 8, what is -5 + -157?
-164
In base 13, what is -2b4 - -4?
-2b0
In base 15, what is -284 + 19?
-26a
In base 11, what is -1071 - -4?
-1068
In base 11, what is 20 + -5?
16
In base 15, what is 482c - 0?
482c
In base 13, what is 6 + 1a4?
1aa
In base 13, what is 5 - -29b8?
29c0
In base 3, what is 10 - -20022211?
20022221
In base 3, what is 21 + 201?
222
In base 16, what is f + -6?
9
In base 3, what is -12 + 10210?
10